{"id":47,"date":"2022-02-16T09:00:22","date_gmt":"2022-02-16T09:00:22","guid":{"rendered":"https:\/\/enitec.fi\/updated\/?page_id=47"},"modified":"2023-06-12T12:35:07","modified_gmt":"2023-06-12T12:35:07","slug":"foretaget","status":"publish","type":"page","link":"https:\/\/enitec.fi\/updated\/sv\/foretaget\/","title":{"rendered":"F\u00f6retaget"},"content":{"rendered":"\t\t<div data-elementor-type=\"wp-page\" data-elementor-id=\"47\" class=\"elementor elementor-47\">\n\t\t\t\t\t\t\t\t\t<section class=\"elementor-section elementor-top-section elementor-element elementor-element-420bc13b animated-slow elementor-section-boxed elementor-section-height-default elementor-section-height-default elementor-invisible\" data-id=\"420bc13b\" data-element_type=\"section\" data-settings=\"{&quot;animation&quot;:&quot;fadeIn&quot;}\">\n\t\t\t\t\t\t<div class=\"elementor-container elementor-column-gap-default\">\n\t\t\t\t\t<div class=\"elementor-column elementor-col-100 elementor-top-column elementor-element elementor-element-5f41c34b\" data-id=\"5f41c34b\" data-element_type=\"column\">\n\t\t\t<div class=\"elementor-widget-wrap elementor-element-populated\">\n\t\t\t\t\t\t\t\t<div class=\"elementor-element elementor-element-3b7c68ad elementor-widget elementor-widget-text-editor\" data-id=\"3b7c68ad\" data-element_type=\"widget\" data-widget_type=\"text-editor.default\">\n\t\t\t\t<div class=\"elementor-widget-container\">\n\t\t\t<style>\/*! elementor - v3.18.0 - 20-12-2023 *\/\n.elementor-widget-text-editor.elementor-drop-cap-view-stacked .elementor-drop-cap{background-color:#69727d;color:#fff}.elementor-widget-text-editor.elementor-drop-cap-view-framed .elementor-drop-cap{color:#69727d;border:3px solid;background-color:transparent}.elementor-widget-text-editor:not(.elementor-drop-cap-view-default) .elementor-drop-cap{margin-top:8px}.elementor-widget-text-editor:not(.elementor-drop-cap-view-default) .elementor-drop-cap-letter{width:1em;height:1em}.elementor-widget-text-editor .elementor-drop-cap{float:left;text-align:center;line-height:1;font-size:50px}.elementor-widget-text-editor .elementor-drop-cap-letter{display:inline-block}<\/style>\t\t\t\t<!-- wp:paragraph -->\n<p>Enitec \u00e4r ett finskt familjef\u00f6retag inom den tekniska branschen. Vi har bland annat \u00f6ver 40 \u00e5rs erfarenhet av undervattenskameror och str\u00e5lningst\u00e5liga TV-kamerasystem.<\/p>\n<!-- \/wp:paragraph --><!-- wp:paragraph -->\n<p>Idag fokuserar vi oss i huvudsak p\u00e5 service av dricksvattenreservoarer. Goda kontakter till fabrikerna och en kontinuerlig uppf\u00f6ljning av de nyaste innovationerna inom den internationella teknologin, ger oss m\u00f6jligheten att erbjuda v\u00e5ra kunder de b\u00e4sta kvalitetsprodukterna och metoderna inom branschen.<\/p>\n<!-- \/wp:paragraph --><!-- wp:paragraph -->\n<p>Vi har sedan \u00e5r 2000 utf\u00f6rt inspektioner och reng\u00f6ringar av dricksvattenreservoarer och fr\u00e4mjat hygien- och arbetss\u00e4kerhetst\u00e4nkande p\u00e5 vattenverken.<\/p>\n<!-- \/wp:paragraph --><!-- wp:paragraph -->\n<p>Vi vill vara en l\u00e5ngvarig och p\u00e5litlig samarbetspartner \u00e5t v\u00e5ra kunder och leverant\u00f6rer.<\/p>\n<!-- \/wp:paragraph --><!-- wp:paragraph -->\n<p>\u00a0<\/p>\n<!-- \/wp:paragraph -->\t\t\t\t\t\t<\/div>\n\t\t\t\t<\/div>\n\t\t\t\t\t<\/div>\n\t\t<\/div>\n\t\t\t\t\t\t\t<\/div>\n\t\t<\/section>\n\t\t\t\t\t\t\t<\/div>\n\t\t","protected":false},"excerpt":{"rendered":"<p>Enitec \u00e4r ett finskt familjef\u00f6retag inom den tekniska branschen. Vi har bland annat \u00f6ver 40 \u00e5rs erfarenhet av undervattenskameror och str\u00e5lningst\u00e5liga TV-kamerasystem. Idag fokuserar vi oss i huvudsak p\u00e5 service av dricksvattenreservoarer. Goda kontakter till fabrikerna och en kontinuerlig uppf\u00f6ljning av de nyaste innovationerna inom den internationella teknologin, ger oss m\u00f6jligheten att erbjuda v\u00e5ra kunder [&hellip;]<\/p>\n","protected":false},"author":1,"featured_media":0,"parent":0,"menu_order":0,"comment_status":"closed","ping_status":"closed","template":"","meta":{"footnotes":""},"_links":{"self":[{"href":"https:\/\/enitec.fi\/updated\/wp-json\/wp\/v2\/pages\/47"}],"collection":[{"href":"https:\/\/enitec.fi\/updated\/wp-json\/wp\/v2\/pages"}],"about":[{"href":"https:\/\/enitec.fi\/updated\/wp-json\/wp\/v2\/types\/page"}],"author":[{"embeddable":true,"href":"https:\/\/enitec.fi\/updated\/wp-json\/wp\/v2\/users\/1"}],"replies":[{"embeddable":true,"href":"https:\/\/enitec.fi\/updated\/wp-json\/wp\/v2\/comments?post=47"}],"version-history":[{"count":7,"href":"https:\/\/enitec.fi\/updated\/wp-json\/wp\/v2\/pages\/47\/revisions"}],"predecessor-version":[{"id":941,"href":"https:\/\/enitec.fi\/updated\/wp-json\/wp\/v2\/pages\/47\/revisions\/941"}],"wp:attachment":[{"href":"https:\/\/enitec.fi\/updated\/wp-json\/wp\/v2\/media?parent=47"}],"curies":[{"name":"wp","href":"https:\/\/api.w.org\/{rel}","templated":true}]}}