{"id":141,"date":"2022-02-21T10:32:35","date_gmt":"2022-02-21T10:32:35","guid":{"rendered":"https:\/\/enitec.fi\/updated\/?page_id=141"},"modified":"2023-06-12T10:28:34","modified_gmt":"2023-06-12T10:28:34","slug":"montering-av-luftfiltersystem-och-manluckor","status":"publish","type":"page","link":"https:\/\/enitec.fi\/updated\/sv\/montering-av-luftfiltersystem-och-manluckor\/","title":{"rendered":"Montering av Luftfiltersystem och manluckor"},"content":{"rendered":"\t\t<div data-elementor-type=\"wp-page\" data-elementor-id=\"141\" class=\"elementor elementor-141\">\n\t\t\t\t\t\t\t\t\t<section class=\"elementor-section elementor-top-section elementor-element elementor-element-c00eafb animated-slow elementor-section-boxed elementor-section-height-default elementor-section-height-default elementor-invisible\" data-id=\"c00eafb\" data-element_type=\"section\" data-settings=\"{&quot;animation&quot;:&quot;fadeIn&quot;}\">\n\t\t\t\t\t\t<div class=\"elementor-container elementor-column-gap-default\">\n\t\t\t\t\t<div class=\"elementor-column elementor-col-50 elementor-top-column elementor-element elementor-element-5d692a3\" data-id=\"5d692a3\" data-element_type=\"column\">\n\t\t\t<div class=\"elementor-widget-wrap elementor-element-populated\">\n\t\t\t\t\t\t\t\t<div class=\"elementor-element elementor-element-b1ca013 elementor-widget elementor-widget-heading\" data-id=\"b1ca013\" data-element_type=\"widget\" data-widget_type=\"heading.default\">\n\t\t\t\t<div class=\"elementor-widget-container\">\n\t\t\t<style>\/*! elementor - v3.18.0 - 20-12-2023 *\/\n.elementor-heading-title{padding:0;margin:0;line-height:1}.elementor-widget-heading .elementor-heading-title[class*=elementor-size-]>a{color:inherit;font-size:inherit;line-height:inherit}.elementor-widget-heading .elementor-heading-title.elementor-size-small{font-size:15px}.elementor-widget-heading .elementor-heading-title.elementor-size-medium{font-size:19px}.elementor-widget-heading .elementor-heading-title.elementor-size-large{font-size:29px}.elementor-widget-heading .elementor-heading-title.elementor-size-xl{font-size:39px}.elementor-widget-heading .elementor-heading-title.elementor-size-xxl{font-size:59px}<\/style><h2 class=\"elementor-heading-title elementor-size-default\">Montering av Luftfiltersystem och manluckor<\/h2>\t\t<\/div>\n\t\t\t\t<\/div>\n\t\t\t\t<div class=\"elementor-element elementor-element-72db41a elementor-widget elementor-widget-text-editor\" data-id=\"72db41a\" data-element_type=\"widget\" data-widget_type=\"text-editor.default\">\n\t\t\t\t<div class=\"elementor-widget-container\">\n\t\t\t<style>\/*! elementor - v3.18.0 - 20-12-2023 *\/\n.elementor-widget-text-editor.elementor-drop-cap-view-stacked .elementor-drop-cap{background-color:#69727d;color:#fff}.elementor-widget-text-editor.elementor-drop-cap-view-framed .elementor-drop-cap{color:#69727d;border:3px solid;background-color:transparent}.elementor-widget-text-editor:not(.elementor-drop-cap-view-default) .elementor-drop-cap{margin-top:8px}.elementor-widget-text-editor:not(.elementor-drop-cap-view-default) .elementor-drop-cap-letter{width:1em;height:1em}.elementor-widget-text-editor .elementor-drop-cap{float:left;text-align:center;line-height:1;font-size:50px}.elementor-widget-text-editor .elementor-drop-cap-letter{display:inline-block}<\/style>\t\t\t\t<p>Enitec utf\u00f6r monteringar av\u00a0<strong>AmphiVent\u2122<\/strong>\u00a0luftfilteranordningar och\u00a0<strong>e-cover\u00ae<\/strong>\u00a0serviceluckor. V\u00e5ra mont\u00f6rer har vattenhygienskolning och arbetena sker alltid s\u00e5, att inga f\u00f6roreningar kommer i reservoaren eller brunnen.<\/p>\t\t\t\t\t\t<\/div>\n\t\t\t\t<\/div>\n\t\t\t\t\t<\/div>\n\t\t<\/div>\n\t\t\t\t<div class=\"elementor-column elementor-col-50 elementor-top-column elementor-element elementor-element-2fc279f\" data-id=\"2fc279f\" data-element_type=\"column\">\n\t\t\t<div class=\"elementor-widget-wrap elementor-element-populated\">\n\t\t\t\t\t\t\t\t<div class=\"elementor-element elementor-element-e4ac496 elementor-widget elementor-widget-image\" data-id=\"e4ac496\" data-element_type=\"widget\" data-widget_type=\"image.default\">\n\t\t\t\t<div class=\"elementor-widget-container\">\n\t\t\t<style>\/*! elementor - v3.18.0 - 20-12-2023 *\/\n.elementor-widget-image{text-align:center}.elementor-widget-image a{display:inline-block}.elementor-widget-image a img[src$=\".svg\"]{width:48px}.elementor-widget-image img{vertical-align:middle;display:inline-block}<\/style>\t\t\t\t\t\t\t\t\t\t\t\t<img fetchpriority=\"high\" decoding=\"async\" width=\"580\" height=\"514\" src=\"https:\/\/enitec.fi\/updated\/wp-content\/uploads\/2022\/03\/FinlandskServ_Sin_rgb-1024x908.png\" class=\"attachment-large size-large wp-image-460\" alt=\"\" srcset=\"https:\/\/enitec.fi\/updated\/wp-content\/uploads\/2022\/03\/FinlandskServ_Sin_rgb-1024x908.png 1024w, https:\/\/enitec.fi\/updated\/wp-content\/uploads\/2022\/03\/FinlandskServ_Sin_rgb-300x266.png 300w, https:\/\/enitec.fi\/updated\/wp-content\/uploads\/2022\/03\/FinlandskServ_Sin_rgb-768x681.png 768w, https:\/\/enitec.fi\/updated\/wp-content\/uploads\/2022\/03\/FinlandskServ_Sin_rgb-1536x1362.png 1536w, https:\/\/enitec.fi\/updated\/wp-content\/uploads\/2022\/03\/FinlandskServ_Sin_rgb-1200x1064.png 1200w, https:\/\/enitec.fi\/updated\/wp-content\/uploads\/2022\/03\/FinlandskServ_Sin_rgb-1980x1756.png 1980w, https:\/\/enitec.fi\/updated\/wp-content\/uploads\/2022\/03\/FinlandskServ_Sin_rgb.png 1998w\" sizes=\"(max-width: 580px) 100vw, 580px\" \/>\t\t\t\t\t\t\t\t\t\t\t\t\t\t\t<\/div>\n\t\t\t\t<\/div>\n\t\t\t\t\t<\/div>\n\t\t<\/div>\n\t\t\t\t\t\t\t<\/div>\n\t\t<\/section>\n\t\t\t\t\t\t\t<\/div>\n\t\t","protected":false},"excerpt":{"rendered":"<p>Montering av Luftfiltersystem och manluckor Enitec utf\u00f6r monteringar av\u00a0AmphiVent\u2122\u00a0luftfilteranordningar och\u00a0e-cover\u00ae\u00a0serviceluckor. V\u00e5ra mont\u00f6rer har vattenhygienskolning och arbetena sker alltid s\u00e5, att inga f\u00f6roreningar kommer i reservoaren eller brunnen.<\/p>\n","protected":false},"author":1,"featured_media":0,"parent":0,"menu_order":0,"comment_status":"closed","ping_status":"closed","template":"","meta":{"footnotes":""},"_links":{"self":[{"href":"https:\/\/enitec.fi\/updated\/wp-json\/wp\/v2\/pages\/141"}],"collection":[{"href":"https:\/\/enitec.fi\/updated\/wp-json\/wp\/v2\/pages"}],"about":[{"href":"https:\/\/enitec.fi\/updated\/wp-json\/wp\/v2\/types\/page"}],"author":[{"embeddable":true,"href":"https:\/\/enitec.fi\/updated\/wp-json\/wp\/v2\/users\/1"}],"replies":[{"embeddable":true,"href":"https:\/\/enitec.fi\/updated\/wp-json\/wp\/v2\/comments?post=141"}],"version-history":[{"count":6,"href":"https:\/\/enitec.fi\/updated\/wp-json\/wp\/v2\/pages\/141\/revisions"}],"predecessor-version":[{"id":909,"href":"https:\/\/enitec.fi\/updated\/wp-json\/wp\/v2\/pages\/141\/revisions\/909"}],"wp:attachment":[{"href":"https:\/\/enitec.fi\/updated\/wp-json\/wp\/v2\/media?parent=141"}],"curies":[{"name":"wp","href":"https:\/\/api.w.org\/{rel}","templated":true}]}}