{"id":131,"date":"2022-02-21T10:29:42","date_gmt":"2022-02-21T10:29:42","guid":{"rendered":"https:\/\/enitec.fi\/updated\/?page_id=131"},"modified":"2024-03-20T12:28:51","modified_gmt":"2024-03-20T12:28:51","slug":"kaivettujen-kaivojen-huollot","status":"publish","type":"page","link":"https:\/\/enitec.fi\/updated\/kaivettujen-kaivojen-huollot\/","title":{"rendered":"Kaivettujen kaivojen huollot"},"content":{"rendered":"\t\t<div data-elementor-type=\"wp-page\" data-elementor-id=\"131\" class=\"elementor elementor-131\">\n\t\t\t\t\t\t\t\t\t<section class=\"elementor-section elementor-top-section elementor-element elementor-element-a3c2c45 animated-slow elementor-section-boxed elementor-section-height-default elementor-section-height-default elementor-invisible\" data-id=\"a3c2c45\" data-element_type=\"section\" data-settings=\"{&quot;animation&quot;:&quot;fadeIn&quot;}\">\n\t\t\t\t\t\t<div class=\"elementor-container elementor-column-gap-default\">\n\t\t\t\t\t<div class=\"elementor-column elementor-col-50 elementor-top-column elementor-element elementor-element-077b9a8\" data-id=\"077b9a8\" data-element_type=\"column\">\n\t\t\t<div class=\"elementor-widget-wrap elementor-element-populated\">\n\t\t\t\t\t\t\t\t<div class=\"elementor-element elementor-element-71ca41a elementor-widget elementor-widget-heading\" data-id=\"71ca41a\" data-element_type=\"widget\" data-widget_type=\"heading.default\">\n\t\t\t\t<div class=\"elementor-widget-container\">\n\t\t\t<style>\/*! elementor - v3.18.0 - 20-12-2023 *\/\n.elementor-heading-title{padding:0;margin:0;line-height:1}.elementor-widget-heading .elementor-heading-title[class*=elementor-size-]>a{color:inherit;font-size:inherit;line-height:inherit}.elementor-widget-heading .elementor-heading-title.elementor-size-small{font-size:15px}.elementor-widget-heading .elementor-heading-title.elementor-size-medium{font-size:19px}.elementor-widget-heading .elementor-heading-title.elementor-size-large{font-size:29px}.elementor-widget-heading .elementor-heading-title.elementor-size-xl{font-size:39px}.elementor-widget-heading .elementor-heading-title.elementor-size-xxl{font-size:59px}<\/style><h2 class=\"elementor-heading-title elementor-size-default\">KAIVOJEN HUOLTO: KAIVETTU KAIVO, PORAKAIVO JA SIIVIL\u00c4PUTKIKAIVO<\/h2>\t\t<\/div>\n\t\t\t\t<\/div>\n\t\t\t\t<div class=\"elementor-element elementor-element-5fc9ae5 elementor-widget elementor-widget-text-editor\" data-id=\"5fc9ae5\" data-element_type=\"widget\" data-widget_type=\"text-editor.default\">\n\t\t\t\t<div class=\"elementor-widget-container\">\n\t\t\t<style>\/*! elementor - v3.18.0 - 20-12-2023 *\/\n.elementor-widget-text-editor.elementor-drop-cap-view-stacked .elementor-drop-cap{background-color:#69727d;color:#fff}.elementor-widget-text-editor.elementor-drop-cap-view-framed .elementor-drop-cap{color:#69727d;border:3px solid;background-color:transparent}.elementor-widget-text-editor:not(.elementor-drop-cap-view-default) .elementor-drop-cap{margin-top:8px}.elementor-widget-text-editor:not(.elementor-drop-cap-view-default) .elementor-drop-cap-letter{width:1em;height:1em}.elementor-widget-text-editor .elementor-drop-cap{float:left;text-align:center;line-height:1;font-size:50px}.elementor-widget-text-editor .elementor-drop-cap-letter{display:inline-block}<\/style>\t\t\t\t<p>Vesi on elintarvike \u2013 niist\u00e4 kaikista t\u00e4rkein. Siksi panostamme suuresti hygienia-ajatteluun ty\u00f6ss\u00e4mme. Henkil\u00f6kuntamme on saanut juomavesihygieniakoulutuksen ja varusteitamme k\u00e4ytet\u00e4\u00e4n ainoastaan talousvesikaivoissa. Varusteemme materiaalit t\u00e4ytt\u00e4v\u00e4t elintarviketeollisuudelle asetetut vaatimukset.<\/p>\n<p>Vuodesta 2000 olemme suorittaneet erilaisten vesis\u00e4ili\u00f6iden sek\u00e4 kaivojen tarkastuksia ja puhdistuksia.<\/p>\t\t\t\t\t\t<\/div>\n\t\t\t\t<\/div>\n\t\t\t\t\t<\/div>\n\t\t<\/div>\n\t\t\t\t<div class=\"elementor-column elementor-col-50 elementor-top-column elementor-element elementor-element-f34d75b\" data-id=\"f34d75b\" data-element_type=\"column\">\n\t\t\t<div class=\"elementor-widget-wrap elementor-element-populated\">\n\t\t\t\t\t\t\t\t<div class=\"elementor-element elementor-element-564c05f elementor-widget elementor-widget-image\" data-id=\"564c05f\" data-element_type=\"widget\" data-widget_type=\"image.default\">\n\t\t\t\t<div class=\"elementor-widget-container\">\n\t\t\t<style>\/*! elementor - v3.18.0 - 20-12-2023 *\/\n.elementor-widget-image{text-align:center}.elementor-widget-image a{display:inline-block}.elementor-widget-image a img[src$=\".svg\"]{width:48px}.elementor-widget-image img{vertical-align:middle;display:inline-block}<\/style>\t\t\t\t\t\t\t\t\t\t\t\t<img fetchpriority=\"high\" decoding=\"async\" width=\"580\" height=\"563\" src=\"https:\/\/enitec.fi\/updated\/wp-content\/uploads\/2022\/03\/SuomalPalvelua_Sin_rgb-1024x994.png\" class=\"attachment-large size-large wp-image-461\" alt=\"\" srcset=\"https:\/\/enitec.fi\/updated\/wp-content\/uploads\/2022\/03\/SuomalPalvelua_Sin_rgb-1024x994.png 1024w, https:\/\/enitec.fi\/updated\/wp-content\/uploads\/2022\/03\/SuomalPalvelua_Sin_rgb-300x291.png 300w, https:\/\/enitec.fi\/updated\/wp-content\/uploads\/2022\/03\/SuomalPalvelua_Sin_rgb-768x745.png 768w, https:\/\/enitec.fi\/updated\/wp-content\/uploads\/2022\/03\/SuomalPalvelua_Sin_rgb-1536x1491.png 1536w, https:\/\/enitec.fi\/updated\/wp-content\/uploads\/2022\/03\/SuomalPalvelua_Sin_rgb-1200x1165.png 1200w, https:\/\/enitec.fi\/updated\/wp-content\/uploads\/2022\/03\/SuomalPalvelua_Sin_rgb.png 1826w\" sizes=\"(max-width: 580px) 100vw, 580px\" \/>\t\t\t\t\t\t\t\t\t\t\t\t\t\t\t<\/div>\n\t\t\t\t<\/div>\n\t\t\t\t\t<\/div>\n\t\t<\/div>\n\t\t\t\t\t\t\t<\/div>\n\t\t<\/section>\n\t\t\t\t<section class=\"elementor-section elementor-top-section elementor-element elementor-element-3e2ef04 animated-slow elementor-section-boxed elementor-section-height-default elementor-section-height-default elementor-invisible\" data-id=\"3e2ef04\" data-element_type=\"section\" data-settings=\"{&quot;animation&quot;:&quot;fadeIn&quot;}\">\n\t\t\t\t\t\t<div class=\"elementor-container elementor-column-gap-default\">\n\t\t\t\t\t<div class=\"elementor-column elementor-col-100 elementor-top-column elementor-element elementor-element-069b90e\" data-id=\"069b90e\" data-element_type=\"column\">\n\t\t\t<div class=\"elementor-widget-wrap elementor-element-populated\">\n\t\t\t\t\t\t\t\t<div class=\"elementor-element elementor-element-846ed17 elementor-widget elementor-widget-heading\" data-id=\"846ed17\" data-element_type=\"widget\" data-widget_type=\"heading.default\">\n\t\t\t\t<div class=\"elementor-widget-container\">\n\t\t\t<h4 class=\"elementor-heading-title elementor-size-default\">KAIVETTUJEN KAIVOJEN KAMERATARKASTUKSET JA PUHDISTUKSET<\/h4>\t\t<\/div>\n\t\t\t\t<\/div>\n\t\t\t\t<div class=\"elementor-element elementor-element-6c2b0dd elementor-widget elementor-widget-text-editor\" data-id=\"6c2b0dd\" data-element_type=\"widget\" data-widget_type=\"text-editor.default\">\n\t\t\t\t<div class=\"elementor-widget-container\">\n\t\t\t\t\t\t\t<p>Tarjoamme kaivettujen kaivojen kameratarkastuksia, manuaalisia puhdistuksia ja desinfiointeja. Halutessaan asiakas saa my\u00f6s kattavan vesianalyysin (vesilaitosten k\u00e4ytt\u00e4m\u00e4 laboratorio), josta saadaan selville juomaveden todellinen laatu. Kaikki ty\u00f6t dokumentoidaan p\u00f6yt\u00e4kirjoin ja kuvin.<\/p>\t\t\t\t\t\t<\/div>\n\t\t\t\t<\/div>\n\t\t\t\t\t<\/div>\n\t\t<\/div>\n\t\t\t\t\t\t\t<\/div>\n\t\t<\/section>\n\t\t\t\t<section class=\"elementor-section elementor-top-section elementor-element elementor-element-20c0ab8 animated-slow elementor-section-boxed elementor-section-height-default elementor-section-height-default elementor-invisible\" data-id=\"20c0ab8\" data-element_type=\"section\" data-settings=\"{&quot;animation&quot;:&quot;fadeIn&quot;}\">\n\t\t\t\t\t\t<div class=\"elementor-container elementor-column-gap-default\">\n\t\t\t\t\t<div class=\"elementor-column elementor-col-100 elementor-top-column elementor-element elementor-element-854e5a5\" data-id=\"854e5a5\" data-element_type=\"column\">\n\t\t\t<div class=\"elementor-widget-wrap elementor-element-populated\">\n\t\t\t\t\t\t\t\t<div class=\"elementor-element elementor-element-edbbd49 elementor-widget elementor-widget-heading\" data-id=\"edbbd49\" data-element_type=\"widget\" data-widget_type=\"heading.default\">\n\t\t\t\t<div class=\"elementor-widget-container\">\n\t\t\t<h4 class=\"elementor-heading-title elementor-size-default\">PORA- JA SIIVIL\u00c4PUTKIEN KAMERATARKASTUKSET<\/h4>\t\t<\/div>\n\t\t\t\t<\/div>\n\t\t\t\t<div class=\"elementor-element elementor-element-5345fe7 elementor-widget elementor-widget-text-editor\" data-id=\"5345fe7\" data-element_type=\"widget\" data-widget_type=\"text-editor.default\">\n\t\t\t\t<div class=\"elementor-widget-container\">\n\t\t\t\t\t\t\t<p>Tarjoamme pora\u2013 ja siivil\u00e4putkikaivojen kameratarkastuksia. Halutessaan asiakas saa my\u00f6s kattavan vesianalyysin (vesilaitosten k\u00e4ytt\u00e4m\u00e4 laboratorio), josta saadaan selville juomaveden todellinen laatu. Kaikki ty\u00f6t dokumentoidaan p\u00f6yt\u00e4kirjoin ja kuvin.<\/p>\t\t\t\t\t\t<\/div>\n\t\t\t\t<\/div>\n\t\t\t\t\t<\/div>\n\t\t<\/div>\n\t\t\t\t\t\t\t<\/div>\n\t\t<\/section>\n\t\t\t\t\t\t\t<\/div>\n\t\t","protected":false},"excerpt":{"rendered":"<p>KAIVOJEN HUOLTO: KAIVETTU KAIVO, PORAKAIVO JA SIIVIL\u00c4PUTKIKAIVO Vesi on elintarvike \u2013 niist\u00e4 kaikista t\u00e4rkein. Siksi panostamme suuresti hygienia-ajatteluun ty\u00f6ss\u00e4mme. Henkil\u00f6kuntamme on saanut juomavesihygieniakoulutuksen ja varusteitamme k\u00e4ytet\u00e4\u00e4n ainoastaan talousvesikaivoissa. Varusteemme materiaalit t\u00e4ytt\u00e4v\u00e4t elintarviketeollisuudelle asetetut vaatimukset. Vuodesta 2000 olemme suorittaneet erilaisten vesis\u00e4ili\u00f6iden sek\u00e4 kaivojen tarkastuksia ja puhdistuksia. KAIVETTUJEN KAIVOJEN KAMERATARKASTUKSET JA PUHDISTUKSET Tarjoamme kaivettujen kaivojen kameratarkastuksia, manuaalisia [&hellip;]<\/p>\n","protected":false},"author":1,"featured_media":0,"parent":0,"menu_order":0,"comment_status":"closed","ping_status":"closed","template":"","meta":{"footnotes":""},"_links":{"self":[{"href":"https:\/\/enitec.fi\/updated\/wp-json\/wp\/v2\/pages\/131"}],"collection":[{"href":"https:\/\/enitec.fi\/updated\/wp-json\/wp\/v2\/pages"}],"about":[{"href":"https:\/\/enitec.fi\/updated\/wp-json\/wp\/v2\/types\/page"}],"author":[{"embeddable":true,"href":"https:\/\/enitec.fi\/updated\/wp-json\/wp\/v2\/users\/1"}],"replies":[{"embeddable":true,"href":"https:\/\/enitec.fi\/updated\/wp-json\/wp\/v2\/comments?post=131"}],"version-history":[{"count":13,"href":"https:\/\/enitec.fi\/updated\/wp-json\/wp\/v2\/pages\/131\/revisions"}],"predecessor-version":[{"id":1343,"href":"https:\/\/enitec.fi\/updated\/wp-json\/wp\/v2\/pages\/131\/revisions\/1343"}],"wp:attachment":[{"href":"https:\/\/enitec.fi\/updated\/wp-json\/wp\/v2\/media?parent=131"}],"curies":[{"name":"wp","href":"https:\/\/api.w.org\/{rel}","templated":true}]}}