{"id":123,"date":"2022-02-21T10:27:50","date_gmt":"2022-02-21T10:27:50","guid":{"rendered":"https:\/\/enitec.fi\/updated\/?page_id=123"},"modified":"2024-03-20T12:22:52","modified_gmt":"2024-03-20T12:22:52","slug":"talousvesisailioiden-huollot","status":"publish","type":"page","link":"https:\/\/enitec.fi\/updated\/talousvesisailioiden-huollot\/","title":{"rendered":"Talousvesis\u00e4ili\u00f6iden huollot"},"content":{"rendered":"\t\t<div data-elementor-type=\"wp-page\" data-elementor-id=\"123\" class=\"elementor elementor-123\">\n\t\t\t\t\t\t\t\t\t<section class=\"elementor-section elementor-top-section elementor-element elementor-element-acd3db2 animated-slow elementor-section-boxed elementor-section-height-default elementor-section-height-default elementor-invisible\" data-id=\"acd3db2\" data-element_type=\"section\" data-settings=\"{&quot;animation&quot;:&quot;fadeIn&quot;}\">\n\t\t\t\t\t\t<div class=\"elementor-container elementor-column-gap-default\">\n\t\t\t\t\t<div class=\"elementor-column elementor-col-50 elementor-top-column elementor-element elementor-element-c384aab\" data-id=\"c384aab\" data-element_type=\"column\">\n\t\t\t<div class=\"elementor-widget-wrap elementor-element-populated\">\n\t\t\t\t\t\t\t\t<div class=\"elementor-element elementor-element-5ae47c6 elementor-widget elementor-widget-heading\" data-id=\"5ae47c6\" data-element_type=\"widget\" data-widget_type=\"heading.default\">\n\t\t\t\t<div class=\"elementor-widget-container\">\n\t\t\t<style>\/*! elementor - v3.18.0 - 20-12-2023 *\/\n.elementor-heading-title{padding:0;margin:0;line-height:1}.elementor-widget-heading .elementor-heading-title[class*=elementor-size-]>a{color:inherit;font-size:inherit;line-height:inherit}.elementor-widget-heading .elementor-heading-title.elementor-size-small{font-size:15px}.elementor-widget-heading .elementor-heading-title.elementor-size-medium{font-size:19px}.elementor-widget-heading .elementor-heading-title.elementor-size-large{font-size:29px}.elementor-widget-heading .elementor-heading-title.elementor-size-xl{font-size:39px}.elementor-widget-heading .elementor-heading-title.elementor-size-xxl{font-size:59px}<\/style><h2 class=\"elementor-heading-title elementor-size-default\">TALOUSVESIS\u00c4ILI\u00d6IDEN TARKASTUS JA PUHDISTUS\n<\/h2>\t\t<\/div>\n\t\t\t\t<\/div>\n\t\t\t\t<div class=\"elementor-element elementor-element-12a0051 elementor-widget elementor-widget-text-editor\" data-id=\"12a0051\" data-element_type=\"widget\" data-widget_type=\"text-editor.default\">\n\t\t\t\t<div class=\"elementor-widget-container\">\n\t\t\t<style>\/*! elementor - v3.18.0 - 20-12-2023 *\/\n.elementor-widget-text-editor.elementor-drop-cap-view-stacked .elementor-drop-cap{background-color:#69727d;color:#fff}.elementor-widget-text-editor.elementor-drop-cap-view-framed .elementor-drop-cap{color:#69727d;border:3px solid;background-color:transparent}.elementor-widget-text-editor:not(.elementor-drop-cap-view-default) .elementor-drop-cap{margin-top:8px}.elementor-widget-text-editor:not(.elementor-drop-cap-view-default) .elementor-drop-cap-letter{width:1em;height:1em}.elementor-widget-text-editor .elementor-drop-cap{float:left;text-align:center;line-height:1;font-size:50px}.elementor-widget-text-editor .elementor-drop-cap-letter{display:inline-block}<\/style>\t\t\t\t<p id=\"vesi-on-elintarvike-niista-kaikista-tarkein-siksi-panostamme-suuresti-hygienia-ajatteluun-tyossamme-henkilokuntamme-on-saanut-juomavesihygieniakoulutuksen-ja-varusteitamme-kaytetaan-ainoastaan-talousvesisailioissa-varusteemme-tayttavat-elintarviketeollisuudessa-kaytettaville-varusteille-asetetut-vaatimukset\">Vesi on elintarvike \u2013 niist\u00e4 kaikista t\u00e4rkein. Siksi panostamme suuresti hygienia-ajatteluun ty\u00f6ss\u00e4mme. Henkil\u00f6kuntamme on saanut juomavesihygieniakoulutuksen ja varusteitamme k\u00e4ytet\u00e4\u00e4n ainoastaan talousvesis\u00e4ili\u00f6iss\u00e4. Varusteemme t\u00e4ytt\u00e4v\u00e4t elintarviketeollisuudessa k\u00e4ytett\u00e4ville varusteille asetetut vaatimukset.<\/p>\n<p id=\"vuodesta-2000-olemme-suorittaneet-vesitornien-ylavesi-ja-alavesisailioiden-tarkastuksia-ja-puhdistuksia-sailiot-ovat-kaytossa-ja-kytkettyna-jakeluverkostoon-tyosuorituksen-aikana\"><u>Vuodesta 2000<\/u>\u00a0olemme suorittaneet vesitornien, yl\u00e4vesi- ja alavesis\u00e4ili\u00f6iden tarkastuksia ja puhdistuksia. S\u00e4ili\u00f6t ovat k\u00e4yt\u00f6ss\u00e4 ja kytkettyn\u00e4 jakeluverkostoon ty\u00f6suorituksen aikana.<\/p>\n<p id=\"tarjoamme-taynna-olevien-talousvesisailioiden-tarkastuksia-ja-robottipuhdistuksia-seka-tyhjien-sailioiden-manuaaliset-pesut-ja-desinfioinnit-kaikki-tyot-dokumenetoidaan-poytakirjoin-kuvin-ja-videotallentein\">Tarjoamme t\u00e4ynn\u00e4 olevien talousvesis\u00e4ili\u00f6iden tarkastuksia ja robottipuhdistuksia, sek\u00e4 tyhjien s\u00e4ili\u00f6iden manuaaliset pesut ja desinfioinnit. Kaikki ty\u00f6t dokumentoidaan p\u00f6yt\u00e4kirjoin, kuvin ja videotallentein.<\/p>\n<p id=\"kaytamme-amphi-tech-menetelmia-jotka-perustuvat-vesirakenteiden-yli-20-vuoden-erikoistumiseen-kokemusta-on-kertynyt-yli-2000-tarkastetusta-kohteesta\">K\u00e4yt\u00e4mme menetelmi\u00e4, jotka perustuvat vesirakenteiden yli 30 vuoden erikoistumiseen. Kokemusta on kertynyt yli\u00a0<u>2500<\/u>\u00a0tarkastetusta kohteesta.<\/p>\n<p id=\"tarkastuksemme-on-osa-ennaltaehkaisevaa-tyota-monta-kertaa-ulkopuolinen-tarkastaja-huomaa-asioita-joita-vesilaitoksen-oma-henkilokunta-ei-nae-tai-joihin-ei-arkipaivaisessa-tyossa-reagoida-usein-tarkastuksissa-havaitaan-epakohtia-joilla-voi-hoitamatta-olla-vakaviakin-seurauksia-esimerkiksi-saastunut-juomavesi-tai-henkilovahinkoja-emme-tee-rikkovia-rakennetutkimuksia-mutta-mainitsemme-raporteissamme-aina-myos-havainnot-jotka-voivat-viitata-rakenneteknisiin-ongelmiin-esimerkiksi-mahdolliset-halkeamat-sailiossa-lataa-esite\">Tarkastuksemme on osa ennaltaehk\u00e4isev\u00e4\u00e4 ty\u00f6t\u00e4. Monta kertaa ulkopuolinen tarkastaja huomaa asioita, joita vesilaitoksen oma henkil\u00f6kunta ei n\u00e4e tai joihin ei arkip\u00e4iv\u00e4isess\u00e4 ty\u00f6ss\u00e4 reagoida. Usein tarkastuksissa havaitaan ep\u00e4kohtia, joilla voi hoitamatta olla vakaviakin seurauksia, esimerkiksi saastunut juomavesi tai henkil\u00f6vahinkoja. Emme tee rikkovia rakennetutkimuksia, mutta mainitsemme raporteissamme aina my\u00f6s havainnot, jotka voivat viitata rakenneteknisiin ongelmiin, esimerkiksi mahdolliset halkeamat s\u00e4ili\u00f6ss\u00e4.<\/p>\t\t\t\t\t\t<\/div>\n\t\t\t\t<\/div>\n\t\t\t\t\t<\/div>\n\t\t<\/div>\n\t\t\t\t<div class=\"elementor-column elementor-col-50 elementor-top-column elementor-element elementor-element-7ad9ae6\" data-id=\"7ad9ae6\" data-element_type=\"column\">\n\t\t\t<div class=\"elementor-widget-wrap elementor-element-populated\">\n\t\t\t\t\t\t\t\t<div class=\"elementor-element elementor-element-147012f elementor-hidden-mobile elementor-widget elementor-widget-image\" data-id=\"147012f\" data-element_type=\"widget\" data-widget_type=\"image.default\">\n\t\t\t\t<div class=\"elementor-widget-container\">\n\t\t\t<style>\/*! elementor - v3.18.0 - 20-12-2023 *\/\n.elementor-widget-image{text-align:center}.elementor-widget-image a{display:inline-block}.elementor-widget-image a img[src$=\".svg\"]{width:48px}.elementor-widget-image img{vertical-align:middle;display:inline-block}<\/style>\t\t\t\t\t\t\t\t\t\t\t\t<img fetchpriority=\"high\" decoding=\"async\" width=\"580\" height=\"563\" src=\"https:\/\/enitec.fi\/updated\/wp-content\/uploads\/2022\/03\/SuomalPalvelua_Sin_rgb-1024x994.png\" class=\"attachment-large size-large wp-image-461\" alt=\"\" srcset=\"https:\/\/enitec.fi\/updated\/wp-content\/uploads\/2022\/03\/SuomalPalvelua_Sin_rgb-1024x994.png 1024w, https:\/\/enitec.fi\/updated\/wp-content\/uploads\/2022\/03\/SuomalPalvelua_Sin_rgb-300x291.png 300w, https:\/\/enitec.fi\/updated\/wp-content\/uploads\/2022\/03\/SuomalPalvelua_Sin_rgb-768x745.png 768w, https:\/\/enitec.fi\/updated\/wp-content\/uploads\/2022\/03\/SuomalPalvelua_Sin_rgb-1536x1491.png 1536w, https:\/\/enitec.fi\/updated\/wp-content\/uploads\/2022\/03\/SuomalPalvelua_Sin_rgb-1200x1165.png 1200w, https:\/\/enitec.fi\/updated\/wp-content\/uploads\/2022\/03\/SuomalPalvelua_Sin_rgb.png 1826w\" sizes=\"(max-width: 580px) 100vw, 580px\" \/>\t\t\t\t\t\t\t\t\t\t\t\t\t\t\t<\/div>\n\t\t\t\t<\/div>\n\t\t\t\t<div class=\"elementor-element elementor-element-72b6c43 elementor-widget elementor-widget-image\" data-id=\"72b6c43\" data-element_type=\"widget\" data-widget_type=\"image.default\">\n\t\t\t\t<div class=\"elementor-widget-container\">\n\t\t\t\t\t\t\t\t\t\t\t\t\t\t\t<img decoding=\"async\" width=\"190\" height=\"144\" src=\"https:\/\/enitec.fi\/updated\/wp-content\/uploads\/2022\/02\/inspektorn-2.webp\" class=\"attachment-large size-large wp-image-399\" alt=\"\" \/>\t\t\t\t\t\t\t\t\t\t\t\t\t\t\t<\/div>\n\t\t\t\t<\/div>\n\t\t\t\t<div class=\"elementor-element elementor-element-2aeed09 elementor-widget elementor-widget-image\" data-id=\"2aeed09\" data-element_type=\"widget\" data-widget_type=\"image.default\">\n\t\t\t\t<div class=\"elementor-widget-container\">\n\t\t\t\t\t\t\t\t\t\t\t\t\t\t\t<img decoding=\"async\" width=\"227\" height=\"149\" src=\"https:\/\/enitec.fi\/updated\/wp-content\/uploads\/2022\/02\/rengoraren-1.webp\" class=\"attachment-large size-large wp-image-400\" alt=\"\" \/>\t\t\t\t\t\t\t\t\t\t\t\t\t\t\t<\/div>\n\t\t\t\t<\/div>\n\t\t\t\t\t<\/div>\n\t\t<\/div>\n\t\t\t\t\t\t\t<\/div>\n\t\t<\/section>\n\t\t\t\t\t\t\t<\/div>\n\t\t","protected":false},"excerpt":{"rendered":"<p>TALOUSVESIS\u00c4ILI\u00d6IDEN TARKASTUS JA PUHDISTUS Vesi on elintarvike \u2013 niist\u00e4 kaikista t\u00e4rkein. Siksi panostamme suuresti hygienia-ajatteluun ty\u00f6ss\u00e4mme. Henkil\u00f6kuntamme on saanut juomavesihygieniakoulutuksen ja varusteitamme k\u00e4ytet\u00e4\u00e4n ainoastaan talousvesis\u00e4ili\u00f6iss\u00e4. Varusteemme t\u00e4ytt\u00e4v\u00e4t elintarviketeollisuudessa k\u00e4ytett\u00e4ville varusteille asetetut vaatimukset. Vuodesta 2000\u00a0olemme suorittaneet vesitornien, yl\u00e4vesi- ja alavesis\u00e4ili\u00f6iden tarkastuksia ja puhdistuksia. S\u00e4ili\u00f6t ovat k\u00e4yt\u00f6ss\u00e4 ja kytkettyn\u00e4 jakeluverkostoon ty\u00f6suorituksen aikana. Tarjoamme t\u00e4ynn\u00e4 olevien talousvesis\u00e4ili\u00f6iden tarkastuksia [&hellip;]<\/p>\n","protected":false},"author":1,"featured_media":0,"parent":0,"menu_order":0,"comment_status":"closed","ping_status":"closed","template":"","meta":{"footnotes":""},"_links":{"self":[{"href":"https:\/\/enitec.fi\/updated\/wp-json\/wp\/v2\/pages\/123"}],"collection":[{"href":"https:\/\/enitec.fi\/updated\/wp-json\/wp\/v2\/pages"}],"about":[{"href":"https:\/\/enitec.fi\/updated\/wp-json\/wp\/v2\/types\/page"}],"author":[{"embeddable":true,"href":"https:\/\/enitec.fi\/updated\/wp-json\/wp\/v2\/users\/1"}],"replies":[{"embeddable":true,"href":"https:\/\/enitec.fi\/updated\/wp-json\/wp\/v2\/comments?post=123"}],"version-history":[{"count":33,"href":"https:\/\/enitec.fi\/updated\/wp-json\/wp\/v2\/pages\/123\/revisions"}],"predecessor-version":[{"id":1334,"href":"https:\/\/enitec.fi\/updated\/wp-json\/wp\/v2\/pages\/123\/revisions\/1334"}],"wp:attachment":[{"href":"https:\/\/enitec.fi\/updated\/wp-json\/wp\/v2\/media?parent=123"}],"curies":[{"name":"wp","href":"https:\/\/api.w.org\/{rel}","templated":true}]}}